{"id":3383,"date":"2024-08-23T20:32:57","date_gmt":"2024-08-23T18:32:57","guid":{"rendered":"https:\/\/www.afrikaeducation.com\/africeduc\/?post_type=product&#038;p=3383"},"modified":"2024-08-23T20:33:07","modified_gmt":"2024-08-23T18:33:07","slug":"jaime-le-chinois-tome-2","status":"publish","type":"product","link":"https:\/\/www.afrikaeducation.com\/africeduc\/product\/jaime-le-chinois-tome-2\/","title":{"rendered":"J\u2019aime le chinois, tome\u00a02"},"content":{"rendered":"<p class=\"p1\">Le manuel <span class=\"s1\"><b>J\u2019aime le chinois, tome\u00a02<\/b><\/span><span class=\"Apple-converted-space\">\u00a0 <\/span>constitue une m\u00e9thode progressive, dont le but est de d\u00e9velopper, chez l\u2019apprenant, des comp\u00e9tences g\u00e9n\u00e9rales en langue chinoise, \u00e0 travers des situations de vies autour de laquelle se d\u00e9roule l\u2019apprentissage du vocabulaire, des structures et fonctions linguistiques, des sinogrammes, de la culture chinoise, de l\u2019entrainement \u00e0 la compr\u00e9hension et \u00e0 l\u2019expression orale et \u00e9crite.<\/p>\n<p class=\"p1\">Le pr\u00e9sent ouvrage s\u2019appuie d\u2019une part sur l\u2019approche par les comp\u00e9tences et d\u2019autre part sur les nouvelles recherches sur la didactique et la p\u00e9dagogie du chinois, particuli\u00e8rement le concept didactique \u00ab\u2009structure \u2013 fonction \u2013 culture\u2009\u00bb qui correspond aux sp\u00e9cificit\u00e9s de l\u2019enseignement du chinois.<\/p>\n<p class=\"p1\">J\u2019aime le chinois, tome\u00a02 met en sc\u00e8ne des familles de situations telles que \u00ab\u2009l\u2019indication d\u2019un lieu\u2009\u00bb, \u00ab\u2009les loisirs\u2009\u00bb, \u00ab\u2009la consultation chez le m\u00e9decin\u2009\u00bb, \u00ab\u2009la pr\u00e9vention des maladies\u2009\u00bb, \u00ab\u2009hygi\u00e8ne et salubrit\u00e9\u2009\u00bb, \u00ab\u2009les services publics\u2009\u00bb, \u00ab\u2009proc\u00e9dure et documents n\u00e9cessaires pour une inscription \u00e0 un service ou une activit\u00e9\u2009\u00bb, \u00ab\u2009ventes et achats de divers produits\u2009\u00bb, \u00ab\u2009au restaurant\u2009\u00bb, \u00ab\u2009diff\u00e9rents moyens de transport\u2009\u00bb, \u00ab\u2009diff\u00e9rentes composantes d\u2019un ordinateur\u2009\u00bb.<\/p>\n<p class=\"p1\">\u00c0 la fin de ce tome, l\u2019apprenant devrait pouvoir atteindre le niveau\u00a02 du HSK nouvelle version.<\/p>\n","protected":false},"excerpt":{"rendered":"<p>Le manuel J\u2019aime le chinois, tome\u00a02\u00a0 constitue une m\u00e9thode progressive, dont le but est de d\u00e9velopper, chez l\u2019apprenant, des comp\u00e9tences g\u00e9n\u00e9rales en langue chinoise, \u00e0 travers des situations de vies autour de laquelle se d\u00e9roule l\u2019apprentissage du vocabulaire, des structures [&hellip;]<\/p>\n","protected":false},"author":1,"featured_media":3384,"comment_status":"open","ping_status":"closed","template":"","meta":[],"product_cat":[120],"product_tag":[],"class_list":{"0":"post-3383","1":"product","2":"type-product","3":"status-publish","4":"has-post-thumbnail","6":"product_cat-3eme","8":"first","9":"instock","10":"shipping-taxable","11":"product-type-simple"},"_links":{"self":[{"href":"https:\/\/www.afrikaeducation.com\/africeduc\/wp-json\/wp\/v2\/product\/3383","targetHints":{"allow":["GET"]}}],"collection":[{"href":"https:\/\/www.afrikaeducation.com\/africeduc\/wp-json\/wp\/v2\/product"}],"about":[{"href":"https:\/\/www.afrikaeducation.com\/africeduc\/wp-json\/wp\/v2\/types\/product"}],"author":[{"embeddable":true,"href":"https:\/\/www.afrikaeducation.com\/africeduc\/wp-json\/wp\/v2\/users\/1"}],"replies":[{"embeddable":true,"href":"https:\/\/www.afrikaeducation.com\/africeduc\/wp-json\/wp\/v2\/comments?post=3383"}],"wp:featuredmedia":[{"embeddable":true,"href":"https:\/\/www.afrikaeducation.com\/africeduc\/wp-json\/wp\/v2\/media\/3384"}],"wp:attachment":[{"href":"https:\/\/www.afrikaeducation.com\/africeduc\/wp-json\/wp\/v2\/media?parent=3383"}],"wp:term":[{"taxonomy":"product_cat","embeddable":true,"href":"https:\/\/www.afrikaeducation.com\/africeduc\/wp-json\/wp\/v2\/product_cat?post=3383"},{"taxonomy":"product_tag","embeddable":true,"href":"https:\/\/www.afrikaeducation.com\/africeduc\/wp-json\/wp\/v2\/product_tag?post=3383"}],"curies":[{"name":"wp","href":"https:\/\/api.w.org\/{rel}","templated":true}]}}