{"id":3036,"date":"2024-08-21T19:41:46","date_gmt":"2024-08-21T17:41:46","guid":{"rendered":"https:\/\/www.afrikaeducation.com\/africeduc\/?post_type=product&#038;p=3036"},"modified":"2024-11-09T11:14:08","modified_gmt":"2024-11-09T10:14:08","slug":"syllabaire-sil-cp","status":"publish","type":"product","link":"https:\/\/www.afrikaeducation.com\/africeduc\/product\/syllabaire-sil-cp\/","title":{"rendered":"Syllabaire SIL-CP"},"content":{"rendered":"<p class=\"p2\"><b>Syllabaire SIL-CP <\/b>est un guide d\u2019initiation \u00e0 la lecture destin\u00e9 aux apprenants de la SIL (Section d\u2019initiation au langage) et du CP (Cours pr\u00e9paratoire) du sous-syst\u00e8me francophone. Con\u00e7u et r\u00e9dig\u00e9 sur la base du <b>Curriculum de l\u2019enseignement primaire francophone camerounais du niveau 1 : cycle des initiations (SIL-CP) ann\u00e9e 2018, <\/b>ce manuel permet \u00e0 l\u2019\u00e9l\u00e8ve de d\u00e9velopper des comp\u00e9tences en lecture. Il favorise \u00e9galement un apprentissage des voyelles et consonnes simples et complexes de l\u2019alphabet fran\u00e7ais. Au cours des le\u00e7ons, l\u2019apprenant lit les lettres, les syllabes, les mots, les phrases et les textes.<\/p>\n<p class=\"p3\"><b>R\u00e9parti en huit (8) unit\u00e9s d\u2019apprentissage qui correspondent aux huit (8) centres d\u2019int\u00e9r\u00eat, <\/b>ce manuel contient <span class=\"s1\"><b>84 le\u00e7ons. <\/b><\/span>Les syllabes invers\u00e9es ont \u00e9t\u00e9 trait\u00e9es de mani\u00e8re regroup\u00e9e et nous avons veill\u00e9 \u00e0 \u00e9tudier s\u00e9par\u00e9ment chaque voyelle et consonne pour faciliter chez l\u2019\u00e9l\u00e8ve l\u2019acquisition des savoir-faire. En vue de rendre l\u2019exercice de lecture int\u00e9ressant et ludique, nous avons utilis\u00e9 des mots et expressions familiers \u00e0 l\u2019apprenant.<\/p>\n","protected":false},"excerpt":{"rendered":"<p>Syllabaire SIL-CP est un guide d\u2019initiation \u00e0 la lecture destin\u00e9 aux apprenants de la SIL (Section d\u2019initiation au langage) et du CP (Cours pr\u00e9paratoire) du sous-syst\u00e8me francophone. Con\u00e7u et r\u00e9dig\u00e9 sur la base du Curriculum de l\u2019enseignement primaire francophone camerounais [&hellip;]<\/p>\n","protected":false},"author":1,"featured_media":3038,"comment_status":"open","ping_status":"closed","template":"","meta":[],"product_cat":[111,110],"product_tag":[113,112,114],"class_list":{"0":"post-3036","1":"product","2":"type-product","3":"status-publish","4":"has-post-thumbnail","6":"product_cat-cp","7":"product_cat-sil","8":"product_tag-cp","9":"product_tag-sil","10":"product_tag-syllabaire","12":"first","13":"instock","14":"shipping-taxable","15":"product-type-simple"},"_links":{"self":[{"href":"https:\/\/www.afrikaeducation.com\/africeduc\/wp-json\/wp\/v2\/product\/3036","targetHints":{"allow":["GET"]}}],"collection":[{"href":"https:\/\/www.afrikaeducation.com\/africeduc\/wp-json\/wp\/v2\/product"}],"about":[{"href":"https:\/\/www.afrikaeducation.com\/africeduc\/wp-json\/wp\/v2\/types\/product"}],"author":[{"embeddable":true,"href":"https:\/\/www.afrikaeducation.com\/africeduc\/wp-json\/wp\/v2\/users\/1"}],"replies":[{"embeddable":true,"href":"https:\/\/www.afrikaeducation.com\/africeduc\/wp-json\/wp\/v2\/comments?post=3036"}],"wp:featuredmedia":[{"embeddable":true,"href":"https:\/\/www.afrikaeducation.com\/africeduc\/wp-json\/wp\/v2\/media\/3038"}],"wp:attachment":[{"href":"https:\/\/www.afrikaeducation.com\/africeduc\/wp-json\/wp\/v2\/media?parent=3036"}],"wp:term":[{"taxonomy":"product_cat","embeddable":true,"href":"https:\/\/www.afrikaeducation.com\/africeduc\/wp-json\/wp\/v2\/product_cat?post=3036"},{"taxonomy":"product_tag","embeddable":true,"href":"https:\/\/www.afrikaeducation.com\/africeduc\/wp-json\/wp\/v2\/product_tag?post=3036"}],"curies":[{"name":"wp","href":"https:\/\/api.w.org\/{rel}","templated":true}]}}